n = 84 + -80. Determine o(n).
-9
Let c(q) be the third derivative of 1/3*q**3 + 0 - 5/24*q**4 + 0*q - 7*q**2. What is c(-2)?
12
Let c(x) be the first derivative of -x**2 - 9*x - 219. What is c(-4)?
-1
Let h(j) = 0*j**3 + 1 - 71*j**2 + 68*j - j**3 + 68*j**2 - 66*j. What is h(-5)?
41
Let b(c) = 6*c**3 + 5 - 7*c**2 - 2*c - 5*c**3 + 4*c + 4*c. Suppose -f = -4*l + 5, 0 = l - 2*l - 5*f + 17. Let s be 5*(l/10 + 1). Give b(s).
5
Let p(n) = n - 11. Let r = 1 - -12. Let q be p(r). Let f(b) = -2*b**2 + 3*b - 2. Calculate f(q).
-4
Let b = 72 - 62. Let r(f) = -3*f - b*f**2 + 1 + 9*f**2 + 3*f - f**3. What is r(-2)?
5
Let w(g) = g**2 + 15*g + 25. Let o be w(-17). Suppose -54*c + o*c = 5. Let y(v) = -2*v**3 + v**2 - v. What is y(c)?
-2
Suppose 9*l = l + 104. Let b be l - 14 - (1 + 0). Let r(x) be the third derivative of -x**6/60 - x**5/20 + x**3/6 - 11*x**2. Determine r(b).
5
Let z(q) be the second derivative of q**4/6 + 2*q**3/3 + 3*q**2/2 - 143*q. Suppose 3*v + 3*w = -0*v, 4*v = -5*w + 2. What is z(v)?
3
Let l(s) = s**3 - 10*s**2 - 12*s + 13. Let w be l(11). Let v(n) = 6*n - 2. What is v(w)?
10
Let p(k) be the third derivative of -k**4/24 + 19*k**3/6 + 5*k**2 + 44. Give p(7).
12
Let m(f) = -36*f + f**2 - 8 + 25*f + 6. Give m(10).
-12
Suppose f + 13 = m - 0, -5*f + 23 = 3*m. Let r(z) = -z + 2. What is r(m)?
-9
Let b(r) = -r**3 + 8*r**2 + r - 5. Let l(w) be the third derivative of w**4/8 - w**3/6 - 19*w**2. Let y be l(3). Determine b(y).
3
Let q(k) = -35*k**3 + k**2 + k + 3. Let m(x) = 35*x**3 - 2*x**2 - x - 4. Let w(n) = 3*m(n) + 4*q(n). Determine w(1).
-36
Suppose 0 = 4*y + 2*n + 3*n - 19, 5*n - 11 = 4*y. Let t(w) = -4 - 5 + 10 + 9*w**2. Calculate t(y).
10
Suppose -4*b + 4*i + i + 15 = 0, -b - 4*i = -9. Let d(m) = -m**2 + 7*m - 12. Let o be d(b). Let t(y) = -y**3 + 2*y. What is t(o)?
4
Let r(q) = -2*q + 3. Let k(t) = t**2 - 14*t - 7. Let l be k(15). Suppose -o = l*o - 36. What is r(o)?
-5
Let m(s) = -s**2 - s - 8. Let w(g) = -g**2 - 2*g - 7. Suppose -5*b - 2 = -12. Let y(c) = b*m(c) - 3*w(c). What is y(-4)?
5
Let a(u) = -17*u + 43. Let x be a(9). Let w = -117 - x. Let m(p) = p**2 + 9*p + 8. What is m(w)?
-6
Let b(g) = -g**2 + g - 2. Let s(z) = -z**2 + z - 1. Let k(y) = b(y) - 2*s(y). Let x(m) = -3*m**2 + 6*m - 1. Let a(r) = -4*k(r) - x(r). Calculate a(-3).
-2
Let q be 0 - (6 + 0/(-3)). Let w(v) = -v**2 - 11*v. Calculate w(q).
30
Let p = 381 - 380. Let b(j) = j**2 - 1. Give b(p).
0
Let m(o) be the first derivative of -o**4/4 + 2*o**3/3 + o**2 - 3*o + 458. What is m(3)?
-6
Let r be (4/3)/((-8)/(-7) - (-16512)/(-12096)). Let b(x) = 0*x + 2*x + x - 1. What is b(r)?
-19
Suppose -1058 = 12*h + 766. Let m be h/57*(-18)/16*-2. Let d(r) = -r - 4. Determine d(m).
2
Let q(j) = 2*j - 1. Let z be 6/21 + (-184)/7. Let t be z + (1 - (-2 + 3)). Let f = t - -25. Give q(f).
-3
Let y(j) be the second derivative of -j**7/168 + j**6/120 - j**5/60 + j**4/8 + 11*j**3/3 - 26*j. Let f(o) be the second derivative of y(o). Calculate f(2).
-29
Suppose -4 - 8 = -3*p. Let m be ((-44)/99)/(p/(-18)). Let b(c) = c**3 - 4*c**2 + c - 1. Give b(m).
-7
Let n(k) = -3*k**2 - 8 - 4*k**2 + k**3 - 8 - 5*k**2 - 2*k**3 - 2*k. Determine n(-12).
8
Let d(m) = -3*m + 4. Let z(l) be the second derivative of l**3/2 - 2*l**2 - 22*l. Let w(k) = 3*d(k) + 4*z(k). Calculate w(6).
14
Let k(w) = -5*w - 16. Let v(m) = -5*m - 20. Let n(h) = 6*k(h) - 5*v(h). Give n(6).
-26
Let b(t) = 69 - 33 - t**2 + 5*t - 29 + 0*t**2. Let w = 9 - 4. Determine b(w).
7
Let l = -179 + 186. Let u(f) = f**3 - 8*f**2 + 4*f. Determine u(l).
-21
Let z(r) = 2*r**3 - r**2 - 2*r - 1. Suppose n + 0*v + 13 = -3*v, 0 = n - 4*v - 22. Suppose n*x + 2 = 10. Suppose 0*t - x*t - 4 = 0. Calculate z(t).
-2
Let s(q) = q + 11. Let p = -19 + 23. Suppose -3*u + p = 22. Calculate s(u).
5
Let z(h) be the first derivative of -2*h**3/3 - h**2/2 + h + 2. Let g(y) = y**2 - 2. Let i be g(0). Give z(i).
-5
Let y be (1 + -3)*(-3)/2. Let c(m) = 7*m + m**2 + 1 + m + y. Calculate c(-4).
-12
Let h(o) be the third derivative of -o**5/120 + o**4/12 + 7*o**3/6 + 12*o**2. Let j(g) be the first derivative of h(g). Give j(-5).
7
Let o(m) = -m**3 - m**2 - m - 1. Let l be (-2)/9 + (-125)/45. Let n be ((-2)/l)/(14/105). Suppose 0*v - 3*v = -b - n, v = -5*b - 25. Give o(v).
-1
Let n = -63 + 69. Let b(k) = -k**2 + 3*k + 19. Determine b(n).
1
Let n be (-4)/6 - 4/3. Let v(i) = i**3 + 28*i - 30*i - 3 + 0*i**3 + i**2. Let o be v(n). Let b(s) = -s**3 - 2*s**2 - s - 3. Give b(o).
9
Let q(w) be the first derivative of -w**4/4 - 5*w**3/3 + 13*w**2/2 + w - 604. Calculate q(-7).
8
Let c(f) = f**2 - 7*f - 1. Let t = -30 - -34. Suppose 6*q - 4*q = t*d - 20, -4*d = q - 32. Calculate c(d).
-1
Let g(n) be the second derivative of 0 - 1/12*n**4 - 5/6*n**3 - 6*n - 3/2*n**2. Let t be 70/(-30) - (-4)/(-6). What is g(t)?
3
Let l(c) = -52*c - 21 - c**2 - 57*c - 60*c + 170*c. Determine l(0).
-21
Let b(d) = 27 - 79 + 27 + 24 - d. What is b(-6)?
5
Let k(f) = 2*f**2 - 7*f + 1. Suppose 20 = 5*q, -t = -5*q + 7*q - 13. What is k(t)?
16
Let a(v) be the first derivative of 16*v + 25 - 1/2*v**2. Suppose 0 = -0*p + p. Give a(p).
16
Suppose 5*k = 3 + 22. Suppose -x + 4*v = 5, -2*x - 1 = -2*v - 3. Let n(t) = t + t + 1 + 0*t - x. Determine n(k).
8
Let d(y) = y**2 - 8*y + 2. Let k be d(8). Let u(a) = 0*a - a**2 + a + 2*a**k + 8. Let t be -2 - 5/((-30)/12). What is u(t)?
8
Let y(m) be the third derivative of m**6/120 - m**5/12 - 7*m**3/6 + 256*m**2. Calculate y(5).
-7
Let l(j) be the third derivative of -j**4/12 + 3*j**3/2 - 82*j**2. Give l(6).
-3
Let x(i) = -10. Let r(z) = z - 27. Let c(q) = 2*r(q) - 5*x(q). Calculate c(-8).
-20
Let f = -25 + 19. Let r = 5 + f. Let x(i) = i - 1. What is x(r)?
-2
Let j be 1*10*(-9)/(-30). Let d(m) be the third derivative of m**2 + 1/6*m**j + 0*m + 0 + 1/60*m**5 + 1/12*m**4 + 1/40*m**6. What is d(-1)?
-3
Let h be (-4)/(-10) + 140/25. Suppose 0 = p + 4*p - 25. Let b(w) = 3 - 2*w - p + h. Calculate b(7).
-10
Let g(r) = -23*r - 5*r - 4 + 9*r - 7*r**2. Let l(z) = -6*z**2 - 18*z - 5. Let q(i) = 5*g(i) - 6*l(i). Determine q(-10).
-20
Let p(o) = 9*o - 6. Let k(u) = -25*u + 14. Let f(y) = -2*k(y) - 5*p(y). Calculate f(6).
32
Suppose 695*p - 703*p = 0. Let f(c) be the first derivative of -1/4*c**4 - 1 - 2*c**3 + p*c - 1/2*c**2. What is f(-6)?
6
Let a(r) = 7*r**3 + 15*r**2 - 3*r + 1. Let o(i) = -4*i**3 - 8*i**2 + 2*i - 1. Let v(j) = -3*a(j) - 5*o(j). What is v(-4)?
-10
Let d(n) = n**2 - 10*n - 16. Let b be -18 - -30 - (1 - 0). Give d(b).
-5
Suppose 14*a + 5 = -37. Let i(p) = -p**3 - 4*p**2 - 3*p + 3. Determine i(a).
3
Let p = -848 + 850. Let a(z) be the second derivative of 0 - 1/12*z**4 - 1/6*z**3 - 1/20*z**5 - z - 7/2*z**p. Give a(0).
-7
Let r = -86 - -91. Let m(v) = 2*v**2 + 0*v**2 - 2 - v**2 + 1 - 2*v. What is m(r)?
14
Let m = 17 + -15. Let c(h) = 5*h - 2*h**m - 3 + 0*h**3 + 0 - h**3 + 7*h**2. Let f(j) = 5*j**2 + 1. Let w be f(1). Calculate c(w).
-9
Let b(t) = 3*t**2 - 9*t - 7. Let i(f) = f**2. Let h(q) = -b(q) + 4*i(q). Calculate h(-7).
-7
Let s(g) = g**3 + 6*g**2 + 6*g + 1. Let v be ((-12)/21)/(2/(-14)). Let k be 72/15 + v/(-5). Suppose -k*x - 7 = 13. Calculate s(x).
-4
Let c(q) be the second derivative of 0 + 1/6*q**3 - 1/12*q**4 - 3*q + 1/360*q**6 - 1/40*q**5 + 0*q**2. Let r(o) be the second derivative of c(o). What is r(3)?
-2
Let a(p) = 2*p - 10. Let y be a(6). Let t(c) = -y*c - 1 + c**3 - c - 2*c**3 - c**2 - c**2. Calculate t(-2).
5
Let i(f) = -4*f**3 + 4*f**2 + 1. Let a(z) = 9*z**3 - 8*z**2 - 2*z - 1. Let p(n) = 3*a(n) + 7*i(n). Determine p(2).
0
Let k(o) = -o**3 + 4*o**2 - 4*o + 4. Let d be k(3). Let q(y) = -y**3. Let z(t) = -7*t**3 + t**2 + t. Let j(x) = d*z(x) - 6*q(x). What is j(0)?
0
Suppose -54 + 144 = 5*h. Let m = h + -12. Let f(j) = -j**3 + 6*j**2 + 3. What is f(m)?
3
Let n = -218 - -218. Let r(x) = -x**3 + x**2 - x + 9. What is r(n)?
9
Let p(i) = 207*i**2 + 213*i**2 - 664*i**2 + 226*i**2 + i. Suppose 2*u = u + 1. What is p(u)?
-17
Suppose 6*g - g + 50 = 0. Suppose -20 = -2*z - 4*u, 0*u = z + 3*u - 9. Let a = g + z. Let l(c) = -c**3 - 2*c. Determine l(a).
-12
Let n(f) be the first derivative of f**4/2 - 5*f**3/3 + 3*f**2/2 + 4*f - 2. Suppose -21*a + 29*a - 24 = 0. What is n(a)?
22
Let p(u) = u**3 - 2*u**2 - 2*u + 3. Let h(b) = -b**2 - 10*b + 14. Let j be h(-11). Suppos